5?
6c
What is 82 (base 16) in base 10?
130
What is 21 (base 3) in base 2?
111
45 (base 7) to base 5
113
Convert 20 (base 11) to base 6.
34
Convert -20 (base 15) to base 10.
-30
23 (base 16) to base 4
203
Convert -15 (base 8) to base 13.
-10
What is -13 (base 6) in base 14?
-9
32 (base 9) to base 8
35
1 (base 14) to base 11
1
112 (base 4) to base 8
26
-356 (base 8) to base 3
-22211
Convert 2 (base 3) to base 13.
2
Convert -6a (base 14) to base 7.
-163
3 (base 5) to base 8
3
10010 (base 2) to base 10
18
7 (base 10) to base 12
7
321 (base 10) to base 6
1253
Convert 30 (base 4) to base 7.
15
What is 15 (base 16) in base 11?
1a
Convert 2 (base 7) to base 16.
2
Convert 3 (base 4) to base 2.
11
What is 112 (base 3) in base 9?
15
Convert -4 (base 13) to base 8.
-4
What is -411 (base 6) in base 3?
-12121
Convert 1 (base 3) to base 11.
1
3 (base 6) to base 7
3
Convert 20 (base 7) to base 9.
15
Convert -1 (base 2) to base 11.
-1
What is 0 (base 12) in base 6?
0
25 (base 14) to base 8
41
Convert -3 (base 8) to base 9.
-3
4 (base 6) to base 16
4
What is 12 (base 4) in base 16?
6
Convert -5 (base 15) to base 11.
-5
What is 360 (base 7) in base 13?
117
Convert -1 (base 5) to base 6.
-1
What is 6 (base 7) in base 4?
12
Convert 8 (base 14) to base 9.
8
What is a4 (base 11) in base 13?
8a
What is 11001001 (base 2) in base 10?
201
-1 (base 12) to base 9
-1
Convert 10 (base 6) to base 10.
6
What is 1 (base 9) in base 14?
1
Convert 36 (base 7) to base 6.
43
Convert -50 (base 7) to base 14.
-27
Convert -11 (base 9) to base 13.
-a
What is -2 (base 6) in base 4?
-2
What is -3 (base 13) in base 6?
-3
Convert 11100 (base 2) to base 13.
22
-76 (base 8) to base 9
-68
What is -26 (base 8) in base 7?
-31
Convert 11 (base 4) to base 13.
5
What is 1 (base 2) in base 10?
1
Convert -4 (base 13) to base 6.
-4
What is -2 (base 4) in base 16?
-2
2313 (base 4) to base 12
133
9 (base 14) to base 7
12
Convert -301 (base 6) to base 14.
-7b
What is -9 (base 10) in base 15?
-9
Convert -16 (base 11) to base 15.
-12
-4 (base 12) to base 7
-4
1110 (base 2) to base 10
14
14 (base 5) to base 10
9
What is -3 (base 6) in base 15?
-3
10111100 (base 2) to base 15
c8
What is -103 (base 7) in base 6?
-124
What is -100 (base 3) in base 16?
-9
What is -2 (base 15) in base 4?
-2
8 (base 9) to base 7
11
What is 11011 (base 2) in base 5?
102
Convert 6 (base 14) to base 2.
110
Convert -6 (base 10) to base 6.
-10
4 (base 7) to base 5
4
Convert d (base 16) to base 15.
d
231 (base 4) to base 7
63
-f (base 16) to base 8
-17
424 (base 8) to base 9
336
Convert -16 (base 11) to base 4.
-101
-45 (base 10) to base 6
-113
Convert 7 (base 11) to base 16.
7
-c (base 14) to base 15
-c
Convert -214 (base 6) to base 4.
-1102
0 (base 16) to base 10
0
Convert 1 (base 2) to base 9.
1
What is 119 (base 10) in base 7?
230
Convert 4 (base 9) to base 5.
4
Convert -21 (base 4) to base 5.
-14
Convert -15 (base 10) to base 11.
-14
What is 97 (base 16) in base 10?
151
16 (base 12) to base 10
18
142 (base 7) to base 8
117
Convert 21 (base 16) to base 6.
53
Convert 1 (base 9) to base 16.
1
-1023 (base 4) to base 16
-4b
Convert 2 (base 6) to base 12.
2
What is -2110 (base 3) in base 15?
-46
3 (base 15) to base 14
3
Convert -346 (base 10) to base 6.
-1334
-7 (base 12) to base 2
-111
Convert b (base 15) to base 6.
15
What is 123 (base 11) in base 3?
12102
What is -21 (base 4) in base 16?
-9
What is 200 (base 4) in base 12?
28
What is -100111 (base 2) in base 13?
-30
What is 32 (base 14) in base 4?
230
12 (base 13) to base 7
21
What is -166 (base 7) in base 13?
-76
What is 79 (base 12) in base 5?
333
31 (base 4) to base 5
23
Convert 3 (base 4) to base 14.
3
What is -30 (base 11) in base 7?
-45
What is -5 (base 10) in base 16?
-5
Convert -87 (base 10) to base 15.
-5c
Convert 2a9 (base 11) to base 7.
1024
3 (base 5) to base 6
3
-10 (base 6) to base 5
-11
5a (base 14) to base 9
88
Convert 1000110 (base 2) to base 9.
77
2 (base 7) to base 5
2
Convert 13 (base 10) to base 9.
14
What is -231 (base 5) in base 4?
-1002
Convert -5 (base 16) to base 9.
-5
Convert 0 (base 14) to base 6.
0
2 (base 10) to base 9
2
Convert 4 (base 9) to base 15.
4
What is 1002 (base 4) in base 10?
66
Convert -21 (base 5) to base 7.
-14
Convert 11010 (base 2) to base 7.
35
What is -23 (base 6) in base 13?
-12
What is -2 (base 9) in base 2?
-10
What is -1 (base 5) in base 2?
-1
What is -101 (base 2) in base 15?
-5
-44 (base 7) to base 4
-200
-42 (base 11) to base 6
-114
Convert -95 (base 10) to base 11.
-87
Convert -e (base 16) to base 9.
-15
What is 16a (base 11) in base 6?
525
Convert 4 (base 9) to base 4.
10
-10022 (base 3) to base 7
-155
What is 221 (base 9) in base 3?
20201
Convert 1b (base 15) to base 10.
26
What is a (base 14) in base 15?
a
What is -3b (base 16) in base 14?
-43
-11 (base 4) to base 6
-5
What is -99 (base 16) in base 13?
-ba
-18 (base 9) to base 15
-12
What is -2 (base 14) in base 12?
-2
What is 4 (base 15) in base 9?
4
What is -12112 (base 3) in base 5?
-1044
Convert -1035 (base 6) to base 12.
-17b
What is 55 (base 7) in base 9?
44
-3 (base 7) to base 9
-3
111 (base 6) to base 15
2d
1001 (base 2) to base 4
21
0 (base 14) to base 11
0
Convert -26 (base 12) to base 9.
-33
What is 4 (base 12) in base 10?
4
-3 (base 11) to base 15
-3
Convert 214 (base 5) to base 9.
65
What is 1 (base 5) in base 10?
1
What is 1122 (base 3) in base 12?
38
What is -33 (base 7) in base 13?
-1b
-1 (base 13) to base 6
-1
176 (base 8) to base 14
90
What is -4 (base 11) in base 12?
-4
-33 (base 4) to base 16
-f
Convert -52 (base 15) to base 16.
-4d
What is 0 (base 6) in base 9?
0
-1212 (base 4) to base 13
-7b
What is -35 (base 6) in base 11?
-21
0 (base 13) to base 5
0
Convert 10211 (base 3) to base 11.
94
-120101 (base 3) to base 15
-1ca
Convert -10 (base 8) to base 10.
-8
Convert -144 (base 8) to base 14.
-72
What is 0 (base 5) in base 12?
0
-79 (base 10) to base 7
-142
-19 (base 10) to base 15
-14
Convert 10111110 (base 2) to base 5.
1230
What is 1 (base 7) in base 4?
1
What is -21 (base 5) in base 4?
-23
What is -112 (base 3) in base 14?
-10
Convert 1013 (base 6) to base 8.
341
-11 (base 2) to base 5
-3
What is -21 (base 14) in base 2?
-11101
What is 95 (base 12) in base 9?
135
-182 (base 13) to base 16
-113
What is -573 (base 8) in base 7?
-1051
Convert -1 (base 15) to base 11.
-1
Convert -1 (base 7) to base 4.
-1
What is 6 (base 13) in base 10?
6
Convert 31 (base 8) to base 16.
19
25 (base 10) to base 2
11001
Convert -424 (base 5) to base 4.
-1302
110 (base 4) to base 15
15
-101 (base 3) to base 4
-22
0 (base 4) to base 16
0
What is -3 (base 9) in base 14?
-3
What is 3 (base 14) in base 3?
10
-3 (base 6) to base 2
-11
What is 10 (base 2) in base 16?
2
Convert -314 (base 6) to base 3.
-11101
4 (base 7) to base 16
4
-3 (base 4) to base 3
-10
What is -1 (base 9) in base 14?
-1
20 (base 4) to base 14
8
What is -27 (base 16) in base 11?
-36
70 (base 15) to base 11
96
-3 (base 8) to base 6
-3
Convert 24 (base 13) to base 15.
20
Convert 2 (base 3) to base 6.
2
-15 (base 7) to base 11
-11
9 (base 10) to base 2
1001
What is -55 (base 9) in base 4?
-302
What is 0 (base 5) in base 2?
0
Convert 5 (base 6) to base 2.
101
What is -2 (base 9) in base 8?
-2
-17 (base 10) to base 14
-13
2 (base 8) to base 9
2
What is -2241 (base 5) in base 12?
-229
What is -50 (base 12) in base 11?
-55
-2 (base 5) to base 4
-2
Convert -1 (base 12) to base 4.
-1
101 (base 7) to base 6
122
Convert -50 (base 10) to base 8.
-62
-1 (base 4) to base 16
-1
What is -100 (base 5) in base 9?
-27
What is 0 (base 10) in base 3?
0
Convert 253 (base 8) to base 10.
171
What is -22 (base 15) in base 7?
-44
What is 0 (base 13) in base 2?
0
12 (base 16) to base 13
15
What is 35 (base 10) in base 6?
55
What is 21 (base 5) in base 7?
14
-244 (base 6) to base 4
-1210
What is 235 (base 7) in base 15?
84
Convert 14 (base 7) to base 15.
b
Convert -210 (base 3) to base 11.
-1a
Convert 49 (base 12) to base 3.
2010
What is -122 (base 3) in base 10?
-17
Convert 128 (base 10) to base 12.
a8
60 (base 8) to base 14
36
7 (base 12) to base 16
7
-1 (base 10) to base 7
-1
Convert 10 (base 6) to base 12.
6
29 (base 11) to base 10
31
Convert -34 (base 9) to base 11.
-29
-67 (base 11) to base 5
-243
What is 10 (base 8) in base 12?